{"id":372,"date":"2020-08-30T07:19:11","date_gmt":"2020-08-30T07:19:11","guid":{"rendered":"https:\/\/www.individuell-beraten.at\/?page_id=372"},"modified":"2020-09-08T14:44:15","modified_gmt":"2020-09-08T14:44:15","slug":"personalentwicklung","status":"publish","type":"page","link":"https:\/\/www.individuell-beraten.at\/index.php\/personalentwicklung\/","title":{"rendered":"Personalentwicklung"},"content":{"rendered":"\t\t<div data-elementor-type=\"wp-post\" data-elementor-id=\"372\" class=\"elementor elementor-372\">\n\t\t\t\t\t\t<section class=\"elementor-section elementor-top-section elementor-element elementor-element-a2cf800 elementor-section-boxed elementor-section-height-default elementor-section-height-default\" data-id=\"a2cf800\" data-element_type=\"section\">\n\t\t\t\t\t\t<div class=\"elementor-container elementor-column-gap-default\">\n\t\t\t\t\t<div class=\"aux-parallax-section elementor-column elementor-col-100 elementor-top-column elementor-element elementor-element-9bfc34b\" data-id=\"9bfc34b\" data-element_type=\"column\">\n\t\t\t<div class=\"elementor-widget-wrap elementor-element-populated\">\n\t\t\t\t\t\t<div class=\"elementor-element elementor-element-c2ad0be elementor-widget elementor-widget-image\" data-id=\"c2ad0be\" data-element_type=\"widget\" data-widget_type=\"image.default\">\n\t\t\t\t<div class=\"elementor-widget-container\">\n\t\t\t\t\t\t\t\t\t\t\t\t\t\t\t<img decoding=\"async\" src=\"https:\/\/www.individuell-beraten.at\/wp-content\/uploads\/elementor\/thumbs\/Personalarbeit_Original-scaled-ovcfymxoleto24xsbglns401nsg8zdhzexqctmd7yg.jpeg\" title=\"Magnifying The Paper Cut Out Human Figure\" alt=\"Paper Cut Out Human Figure Seen Through Magnifying Glass Wooden Desk\" loading=\"lazy\" \/>\t\t\t\t\t\t\t\t\t\t\t\t\t\t\t<\/div>\n\t\t\t\t<\/div>\n\t\t\t\t\t<\/div>\n\t\t<\/div>\n\t\t\t\t\t<\/div>\n\t\t<\/section>\n\t\t\t\t<section class=\"elementor-section elementor-top-section elementor-element elementor-element-822a287 elementor-section-boxed elementor-section-height-default elementor-section-height-default\" data-id=\"822a287\" data-element_type=\"section\">\n\t\t\t\t\t\t<div class=\"elementor-container elementor-column-gap-default\">\n\t\t\t\t\t<div class=\"aux-parallax-section elementor-column elementor-col-100 elementor-top-column elementor-element elementor-element-9938333\" data-id=\"9938333\" data-element_type=\"column\">\n\t\t\t<div class=\"elementor-widget-wrap elementor-element-populated\">\n\t\t\t\t\t\t<div class=\"elementor-element elementor-element-3da21c4 elementor-widget elementor-widget-aux_modern_heading\" data-id=\"3da21c4\" data-element_type=\"widget\" data-widget_type=\"aux_modern_heading.default\">\n\t\t\t\t<div class=\"elementor-widget-container\">\n\t\t\t\t\t<section class=\"aux-widget-modern-heading\">\n            <div class=\"aux-widget-inner\"><h2 class=\"aux-modern-heading-primary\">Personalentwicklung<\/h2><div class=\"aux-modern-heading-divider\"><\/div><\/div>\n        <\/section>\t\t\t\t<\/div>\n\t\t\t\t<\/div>\n\t\t\t\t\t<\/div>\n\t\t<\/div>\n\t\t\t\t\t<\/div>\n\t\t<\/section>\n\t\t\t\t<section class=\"elementor-section elementor-top-section elementor-element elementor-element-eb8dc09 elementor-section-boxed elementor-section-height-default elementor-section-height-default\" data-id=\"eb8dc09\" data-element_type=\"section\">\n\t\t\t\t\t\t<div class=\"elementor-container elementor-column-gap-default\">\n\t\t\t\t\t<div class=\"aux-parallax-section elementor-column elementor-col-100 elementor-top-column elementor-element elementor-element-6fe3219\" data-id=\"6fe3219\" data-element_type=\"column\">\n\t\t\t<div class=\"elementor-widget-wrap elementor-element-populated\">\n\t\t\t\t\t\t<div class=\"elementor-element elementor-element-5a4dea9 elementor-widget elementor-widget-text-editor\" data-id=\"5a4dea9\" data-element_type=\"widget\" data-widget_type=\"text-editor.default\">\n\t\t\t\t<div class=\"elementor-widget-container\">\n\t\t\t\t\t\t\t\t\t<div><h4>Menschen machen Unternehmen!<\/h4><\/div><p>Das stimmt, doch es ist schwer eine Gruppe von Menschen in ein Hochleistungsteam zu verwandeln, <br \/>wenn das Hauptaugenmerk der F\u00fchrungskraft auf sich selbst gerichtet ist.\u00a0<\/p><p>Vorgesetzte und F\u00fchrungskr\u00e4fte sollten unter anderem auch\u00a0 ein emphatisches Verhalten Ihren Mitarbeitern gegen\u00fcber an den Tag legen.<\/p><p>Zwar verleibt sich die\u00a0 k\u00fcnstliche Intelligenz gerade technische und fachliche Elemente der F\u00fchrung ein, doch solange es Menschen an den Arbeitspl\u00e4tzen gibt, werden sie nach Best\u00e4tigung, Wertsch\u00e4tzung und Empathie von anderen Menschen verlangen.<\/p><p>Gerne unterst\u00fctze ich Sie bei der Personalauswahl neuer Mitarbeiter f\u00fcr Ihr Team oder arbeite mit Ihren Mitarbeitern hinsichtlich der Teamentwicklung und Motivation f\u00fcr ihre Aufgaben. Auch hier spielt die Kommunikation im Rahmen von Mitarbeitergespr\u00e4chen und Vereinbarungen eine zentrale Rolle.<\/p>\t\t\t\t\t\t\t\t<\/div>\n\t\t\t\t<\/div>\n\t\t\t\t\t<\/div>\n\t\t<\/div>\n\t\t\t\t\t<\/div>\n\t\t<\/section>\n\t\t\t\t<section class=\"elementor-section elementor-top-section elementor-element elementor-element-3f199d9 elementor-section-boxed elementor-section-height-default elementor-section-height-default\" data-id=\"3f199d9\" data-element_type=\"section\">\n\t\t\t\t\t\t<div class=\"elementor-container elementor-column-gap-default\">\n\t\t\t\t\t<div class=\"aux-parallax-section elementor-column elementor-col-100 elementor-top-column elementor-element elementor-element-7ef53f8\" data-id=\"7ef53f8\" data-element_type=\"column\">\n\t\t\t<div class=\"elementor-widget-wrap elementor-element-populated\">\n\t\t\t\t\t\t<div class=\"elementor-element elementor-element-737f59b elementor-align-center elementor-widget elementor-widget-bdt-advanced-button\" data-id=\"737f59b\" data-element_type=\"widget\" data-widget_type=\"bdt-advanced-button.default\">\n\t\t\t\t<div class=\"elementor-widget-container\">\n\t\t\t\t\t\t\t<div class=\"bdt-ep-button-wrapper\">\n\t\t\t<a href=\"https:\/\/www.individuell-beraten.at\/index.php\/leistungen\/\" class=\"bdt-ep-button bdt-ep-button-effect-a bdt-ep-button-size-xs\">\n\t\t\t\t\t\t<div class=\"bdt-ep-button-content-wrapper bdt-flex bdt-flex-middle bdt-flex-center  \" data-text=\"Zur\u00fcck..\">\n\t\t\t\t\t\t\t<div class=\"bdt-ep-button-icon bdt-flex-center bdt-flex-align-left\">\n\t\t\t\t\t<div class=\"bdt-ep-button-icon-inner\">\n\n\t\t\t\t\t<i aria-hidden=\"true\" class=\"fa-fw fas fa-arrow-left\"><\/i>\n\t\t\t\t\t<\/div>\n\t\t\t\t<\/div>\n\t\t\t\n\t\t\t<div class=\"bdt-ep-button-text\">\n\n                <span class=\"avdbtn-text\">Zur\u00fcck..<\/span>\n\n\t\t\t\t            <\/div>\n\n\t\t\t\n\t\t<\/div>\n\t\t\t\t\t<\/a>\n\t\t<\/div>\n\t\t\t\t\t\t<\/div>\n\t\t\t\t<\/div>\n\t\t\t\t\t<\/div>\n\t\t<\/div>\n\t\t\t\t\t<\/div>\n\t\t<\/section>\n\t\t\t\t<\/div>\n\t\t","protected":false},"excerpt":{"rendered":"<p>Personalentwicklung Menschen machen Unternehmen! Das stimmt, doch es ist schwer eine Gruppe von Menschen in ein Hochleistungsteam zu verwandeln, wenn das Hauptaugenmerk der F\u00fchrungskraft auf sich selbst gerichtet ist.\u00a0 Vorgesetzte und F\u00fchrungskr\u00e4fte sollten unter anderem auch\u00a0 ein emphatisches Verhalten Ihren Mitarbeitern gegen\u00fcber an den Tag legen. Zwar verleibt sich die\u00a0 k\u00fcnstliche Intelligenz gerade technische und [&hellip;]<\/p>\n","protected":false},"author":2,"featured_media":0,"parent":0,"menu_order":0,"comment_status":"closed","ping_status":"closed","template":"","meta":{"footnotes":""},"class_list":["post-372","page","type-page","status-publish","hentry"],"yoast_head":"<!-- This site is optimized with the Yoast SEO plugin v26.7 - https:\/\/yoast.com\/wordpress\/plugins\/seo\/ -->\n<title>Personalentwicklung - Individuell beraten<\/title>\n<meta name=\"robots\" content=\"index, follow, max-snippet:-1, max-image-preview:large, max-video-preview:-1\" \/>\n<link rel=\"canonical\" href=\"https:\/\/www.individuell-beraten.at\/index.php\/personalentwicklung\/\" \/>\n<meta property=\"og:locale\" content=\"de_DE\" \/>\n<meta property=\"og:type\" content=\"article\" \/>\n<meta property=\"og:title\" content=\"Personalentwicklung - Individuell beraten\" \/>\n<meta property=\"og:description\" content=\"Personalentwicklung Menschen machen Unternehmen! Das stimmt, doch es ist schwer eine Gruppe von Menschen in ein Hochleistungsteam zu verwandeln, wenn das Hauptaugenmerk der F\u00fchrungskraft auf sich selbst gerichtet ist.\u00a0 Vorgesetzte und F\u00fchrungskr\u00e4fte sollten unter anderem auch\u00a0 ein emphatisches Verhalten Ihren Mitarbeitern gegen\u00fcber an den Tag legen. Zwar verleibt sich die\u00a0 k\u00fcnstliche Intelligenz gerade technische und [&hellip;]\" \/>\n<meta property=\"og:url\" content=\"https:\/\/www.individuell-beraten.at\/index.php\/personalentwicklung\/\" \/>\n<meta property=\"og:site_name\" content=\"Individuell beraten\" \/>\n<meta property=\"article:modified_time\" content=\"2020-09-08T14:44:15+00:00\" \/>\n<meta property=\"og:image\" content=\"https:\/\/www.individuell-beraten.at\/wp-content\/uploads\/elementor\/thumbs\/Personalarbeit_Original-scaled-oudi81r0ctulism4h1inxi6s8aumjvn3uqc12jdqq0.jpeg\" \/>\n<meta name=\"twitter:card\" content=\"summary_large_image\" \/>\n<meta name=\"twitter:label1\" content=\"Gesch\u00e4tzte Lesezeit\" \/>\n\t<meta name=\"twitter:data1\" content=\"1\u00a0Minute\" \/>\n<script type=\"application\/ld+json\" class=\"yoast-schema-graph\">{\"@context\":\"https:\/\/schema.org\",\"@graph\":[{\"@type\":\"WebPage\",\"@id\":\"https:\/\/www.individuell-beraten.at\/index.php\/personalentwicklung\/\",\"url\":\"https:\/\/www.individuell-beraten.at\/index.php\/personalentwicklung\/\",\"name\":\"Personalentwicklung - Individuell beraten\",\"isPartOf\":{\"@id\":\"https:\/\/www.individuell-beraten.at\/#website\"},\"primaryImageOfPage\":{\"@id\":\"https:\/\/www.individuell-beraten.at\/index.php\/personalentwicklung\/#primaryimage\"},\"image\":{\"@id\":\"https:\/\/www.individuell-beraten.at\/index.php\/personalentwicklung\/#primaryimage\"},\"thumbnailUrl\":\"https:\/\/www.individuell-beraten.at\/wp-content\/uploads\/elementor\/thumbs\/Personalarbeit_Original-scaled-oudi81r0ctulism4h1inxi6s8aumjvn3uqc12jdqq0.jpeg\",\"datePublished\":\"2020-08-30T07:19:11+00:00\",\"dateModified\":\"2020-09-08T14:44:15+00:00\",\"breadcrumb\":{\"@id\":\"https:\/\/www.individuell-beraten.at\/index.php\/personalentwicklung\/#breadcrumb\"},\"inLanguage\":\"de\",\"potentialAction\":[{\"@type\":\"ReadAction\",\"target\":[\"https:\/\/www.individuell-beraten.at\/index.php\/personalentwicklung\/\"]}]},{\"@type\":\"ImageObject\",\"inLanguage\":\"de\",\"@id\":\"https:\/\/www.individuell-beraten.at\/index.php\/personalentwicklung\/#primaryimage\",\"url\":\"https:\/\/www.individuell-beraten.at\/wp-content\/uploads\/elementor\/thumbs\/Personalarbeit_Original-scaled-oudi81r0ctulism4h1inxi6s8aumjvn3uqc12jdqq0.jpeg\",\"contentUrl\":\"https:\/\/www.individuell-beraten.at\/wp-content\/uploads\/elementor\/thumbs\/Personalarbeit_Original-scaled-oudi81r0ctulism4h1inxi6s8aumjvn3uqc12jdqq0.jpeg\"},{\"@type\":\"BreadcrumbList\",\"@id\":\"https:\/\/www.individuell-beraten.at\/index.php\/personalentwicklung\/#breadcrumb\",\"itemListElement\":[{\"@type\":\"ListItem\",\"position\":1,\"name\":\"Home\",\"item\":\"https:\/\/www.individuell-beraten.at\/\"},{\"@type\":\"ListItem\",\"position\":2,\"name\":\"Personalentwicklung\"}]},{\"@type\":\"WebSite\",\"@id\":\"https:\/\/www.individuell-beraten.at\/#website\",\"url\":\"https:\/\/www.individuell-beraten.at\/\",\"name\":\"Individuell beraten\",\"description\":\"B\u00fcro f\u00fcr Kommunikation und Unternehmensentwicklung\",\"publisher\":{\"@id\":\"https:\/\/www.individuell-beraten.at\/#organization\"},\"potentialAction\":[{\"@type\":\"SearchAction\",\"target\":{\"@type\":\"EntryPoint\",\"urlTemplate\":\"https:\/\/www.individuell-beraten.at\/?s={search_term_string}\"},\"query-input\":{\"@type\":\"PropertyValueSpecification\",\"valueRequired\":true,\"valueName\":\"search_term_string\"}}],\"inLanguage\":\"de\"},{\"@type\":\"Organization\",\"@id\":\"https:\/\/www.individuell-beraten.at\/#organization\",\"name\":\"Individuell beraten\",\"url\":\"https:\/\/www.individuell-beraten.at\/\",\"logo\":{\"@type\":\"ImageObject\",\"inLanguage\":\"de\",\"@id\":\"https:\/\/www.individuell-beraten.at\/#\/schema\/logo\/image\/\",\"url\":\"https:\/\/www.individuell-beraten.at\/wp-content\/uploads\/2020\/08\/logo_AD.png\",\"contentUrl\":\"https:\/\/www.individuell-beraten.at\/wp-content\/uploads\/2020\/08\/logo_AD.png\",\"width\":500,\"height\":89,\"caption\":\"Individuell beraten\"},\"image\":{\"@id\":\"https:\/\/www.individuell-beraten.at\/#\/schema\/logo\/image\/\"}}]}<\/script>\n<!-- \/ Yoast SEO plugin. -->","yoast_head_json":{"title":"Personalentwicklung - Individuell beraten","robots":{"index":"index","follow":"follow","max-snippet":"max-snippet:-1","max-image-preview":"max-image-preview:large","max-video-preview":"max-video-preview:-1"},"canonical":"https:\/\/www.individuell-beraten.at\/index.php\/personalentwicklung\/","og_locale":"de_DE","og_type":"article","og_title":"Personalentwicklung - Individuell beraten","og_description":"Personalentwicklung Menschen machen Unternehmen! Das stimmt, doch es ist schwer eine Gruppe von Menschen in ein Hochleistungsteam zu verwandeln, wenn das Hauptaugenmerk der F\u00fchrungskraft auf sich selbst gerichtet ist.\u00a0 Vorgesetzte und F\u00fchrungskr\u00e4fte sollten unter anderem auch\u00a0 ein emphatisches Verhalten Ihren Mitarbeitern gegen\u00fcber an den Tag legen. Zwar verleibt sich die\u00a0 k\u00fcnstliche Intelligenz gerade technische und [&hellip;]","og_url":"https:\/\/www.individuell-beraten.at\/index.php\/personalentwicklung\/","og_site_name":"Individuell beraten","article_modified_time":"2020-09-08T14:44:15+00:00","og_image":[{"url":"https:\/\/www.individuell-beraten.at\/wp-content\/uploads\/elementor\/thumbs\/Personalarbeit_Original-scaled-oudi81r0ctulism4h1inxi6s8aumjvn3uqc12jdqq0.jpeg","type":"","width":"","height":""}],"twitter_card":"summary_large_image","twitter_misc":{"Gesch\u00e4tzte Lesezeit":"1\u00a0Minute"},"schema":{"@context":"https:\/\/schema.org","@graph":[{"@type":"WebPage","@id":"https:\/\/www.individuell-beraten.at\/index.php\/personalentwicklung\/","url":"https:\/\/www.individuell-beraten.at\/index.php\/personalentwicklung\/","name":"Personalentwicklung - Individuell beraten","isPartOf":{"@id":"https:\/\/www.individuell-beraten.at\/#website"},"primaryImageOfPage":{"@id":"https:\/\/www.individuell-beraten.at\/index.php\/personalentwicklung\/#primaryimage"},"image":{"@id":"https:\/\/www.individuell-beraten.at\/index.php\/personalentwicklung\/#primaryimage"},"thumbnailUrl":"https:\/\/www.individuell-beraten.at\/wp-content\/uploads\/elementor\/thumbs\/Personalarbeit_Original-scaled-oudi81r0ctulism4h1inxi6s8aumjvn3uqc12jdqq0.jpeg","datePublished":"2020-08-30T07:19:11+00:00","dateModified":"2020-09-08T14:44:15+00:00","breadcrumb":{"@id":"https:\/\/www.individuell-beraten.at\/index.php\/personalentwicklung\/#breadcrumb"},"inLanguage":"de","potentialAction":[{"@type":"ReadAction","target":["https:\/\/www.individuell-beraten.at\/index.php\/personalentwicklung\/"]}]},{"@type":"ImageObject","inLanguage":"de","@id":"https:\/\/www.individuell-beraten.at\/index.php\/personalentwicklung\/#primaryimage","url":"https:\/\/www.individuell-beraten.at\/wp-content\/uploads\/elementor\/thumbs\/Personalarbeit_Original-scaled-oudi81r0ctulism4h1inxi6s8aumjvn3uqc12jdqq0.jpeg","contentUrl":"https:\/\/www.individuell-beraten.at\/wp-content\/uploads\/elementor\/thumbs\/Personalarbeit_Original-scaled-oudi81r0ctulism4h1inxi6s8aumjvn3uqc12jdqq0.jpeg"},{"@type":"BreadcrumbList","@id":"https:\/\/www.individuell-beraten.at\/index.php\/personalentwicklung\/#breadcrumb","itemListElement":[{"@type":"ListItem","position":1,"name":"Home","item":"https:\/\/www.individuell-beraten.at\/"},{"@type":"ListItem","position":2,"name":"Personalentwicklung"}]},{"@type":"WebSite","@id":"https:\/\/www.individuell-beraten.at\/#website","url":"https:\/\/www.individuell-beraten.at\/","name":"Individuell beraten","description":"B\u00fcro f\u00fcr Kommunikation und Unternehmensentwicklung","publisher":{"@id":"https:\/\/www.individuell-beraten.at\/#organization"},"potentialAction":[{"@type":"SearchAction","target":{"@type":"EntryPoint","urlTemplate":"https:\/\/www.individuell-beraten.at\/?s={search_term_string}"},"query-input":{"@type":"PropertyValueSpecification","valueRequired":true,"valueName":"search_term_string"}}],"inLanguage":"de"},{"@type":"Organization","@id":"https:\/\/www.individuell-beraten.at\/#organization","name":"Individuell beraten","url":"https:\/\/www.individuell-beraten.at\/","logo":{"@type":"ImageObject","inLanguage":"de","@id":"https:\/\/www.individuell-beraten.at\/#\/schema\/logo\/image\/","url":"https:\/\/www.individuell-beraten.at\/wp-content\/uploads\/2020\/08\/logo_AD.png","contentUrl":"https:\/\/www.individuell-beraten.at\/wp-content\/uploads\/2020\/08\/logo_AD.png","width":500,"height":89,"caption":"Individuell beraten"},"image":{"@id":"https:\/\/www.individuell-beraten.at\/#\/schema\/logo\/image\/"}}]}},"jetpack_sharing_enabled":true,"_links":{"self":[{"href":"https:\/\/www.individuell-beraten.at\/index.php\/wp-json\/wp\/v2\/pages\/372","targetHints":{"allow":["GET"]}}],"collection":[{"href":"https:\/\/www.individuell-beraten.at\/index.php\/wp-json\/wp\/v2\/pages"}],"about":[{"href":"https:\/\/www.individuell-beraten.at\/index.php\/wp-json\/wp\/v2\/types\/page"}],"author":[{"embeddable":true,"href":"https:\/\/www.individuell-beraten.at\/index.php\/wp-json\/wp\/v2\/users\/2"}],"replies":[{"embeddable":true,"href":"https:\/\/www.individuell-beraten.at\/index.php\/wp-json\/wp\/v2\/comments?post=372"}],"version-history":[{"count":9,"href":"https:\/\/www.individuell-beraten.at\/index.php\/wp-json\/wp\/v2\/pages\/372\/revisions"}],"predecessor-version":[{"id":584,"href":"https:\/\/www.individuell-beraten.at\/index.php\/wp-json\/wp\/v2\/pages\/372\/revisions\/584"}],"wp:attachment":[{"href":"https:\/\/www.individuell-beraten.at\/index.php\/wp-json\/wp\/v2\/media?parent=372"}],"curies":[{"name":"wp","href":"https:\/\/api.w.org\/{rel}","templated":true}]}}